 is the highest common divisor of u and 90?
10
Let b = -24 + 60. What is the greatest common factor of b and 180?
36
Suppose 3*m - 30 = m. Let h be 8/(-6)*m/(-10). Suppose 0 = -p - 2*p - 2*j + 88, h*j = 2*p - 52. Calculate the greatest common divisor of 4 and p.
4
Suppose -2*m + 3 = x - m, -5*m = -3*x + 1. Suppose 4*c - w - x*w = 34, -5*w - 20 = -3*c. What is the greatest common divisor of c and 20?
10
Suppose 0 = 4*f + f - 150. Let a = f + -14. What is the greatest common factor of 80 and a?
16
Suppose -39 = -2*p + 1. Calculate the greatest common factor of 180 and p.
20
Let h(u) = u**2 - 2*u + 1. Let n be h(4). Let c = -13 + n. Let g be (3 + 0)/(5 + c). What is the greatest common divisor of g and 9?
3
Suppose 5 = 4*q + q. Suppose 24*r - 7 = 20*r + 3*g, -5*r = 4*g - 32. What is the highest common factor of q and r?
1
Suppose -3*w + 13 = 2*g, 0*g - 2*w = -g + 10. Calculate the greatest common factor of 1 and g.
1
Let j = 12 + 3. Let l(b) = b**3 - 6*b**2 + 6*b - 5. Let f be l(5). Suppose -3*o + f = -j. Calculate the highest common divisor of 5 and o.
5
Suppose 0 = -s + 2*s + 1. Let r be (2 + -1)*1/(-1). Let z be (8/r)/(s + 0). Calculate the highest common factor of 8 and z.
8
Let q = -5 + 12. Let u = q - -11. What is the greatest common divisor of u and 12?
6
Let g = 15 - -5. What is the greatest common factor of 40 and g?
20
Suppose 2*b + 179 = 5*v, 4*v - 107 = v + b. What is the highest common factor of 5 and v?
5
Let c be ((-8)/(-10))/(6/45). Suppose 0 = -3*n + 8*n. Suppose n = -2*y + 31 + 53. Calculate the greatest common factor of y and c.
6
Let i be (-198)/(-12)*4/3. Calculate the highest common divisor of 22 and i.
22
Suppose -3*a + a - r = -6, 3*a + 1 = r. Let b be (3 - (a + 1)) + 10. What is the highest common divisor of b and 88?
11
Let s(n) = 23*n + 1. Let o be s(3). Calculate the highest common divisor of 10 and o.
10
Suppose 11 = 5*d - 34. Suppose -3*h + 23 + d = -4*z, 0 = h - 3*z - 19. Calculate the highest common divisor of 8 and h.
4
Suppose -n = 2*g + 8, -12 = -4*g - 0*n + 5*n. Let c be (-3 - -2)/(1/g). Let y be ((10 - 1) + -7)/(1 - -1). Calculate the greatest common divisor of c and y.
1
Suppose 0 = 2*t + 3*t - 60. Let d(b) = 4*b + 3. Let h be d(3). Let y = h - 9. Calculate the highest common factor of t and y.
6
Let l = -286 + 418. Suppose s + 3*s = l. Let h = 15 - 12. What is the greatest common divisor of s and h?
3
Suppose 4*t - 150 = -t. Suppose y + z = -0*z + 10, 2*y - 4*z = 20. What is the highest common factor of t and y?
10
Let c(f) be the third derivative of 13*f**4/24 + 4*f**3/3 + f**2. Let w be c(4). Calculate the highest common factor of w and 6.
6
Suppose -2*s + 26 = 4*t + 10, 0 = 3*t - 5*s + 1. Suppose -t*f - 64 = -493. Let q = f - -11. What is the highest common factor of q and 14?
14
Let y(w) be the third derivative of w**6/120 - w**5/15 - 5*w**4/24 + 2*w**3 + 2*w**2. Let n be y(5). Calculate the highest common factor of 48 and n.
12
Let w = 80 - 55. What is the highest common divisor of w and 275?
25
Let d be (1 - 0)/((-1)/(-2)). Let b = 5 - d. Suppose 5*o = -y + 4, 2*y - 7*y + 104 = 4*o. Calculate the highest common factor of b and y.
3
Let q(r) be the first derivative of r**4/4 + 7*r**3/3 + 5*r**2/2 - 3. Let b be q(-6). What is the greatest common factor of 4 and b?
2
Let q be (0*3/6)/2. Suppose 0 = 3*l - f, q = -4*l - 5*f + f - 16. Let n be l/(-4) - 2265/(-12). What is the highest common divisor of n and 21?
21
Let c(y) = -42*y - 18. Let b be c(-13). Suppose 4*j + 2*o = 542, 119 = -3*j - 4*o + b. What is the highest common factor of j and 15?
15
Let k(a) = a + 39. Let t be k(-8). Calculate the greatest common divisor of 217 and t.
31
Let b = -19 - -18. Let j be (b + 0 - -2)*13. Calculate the highest common divisor of j and 52.
13
Let u = 12 + -6. Let j be 2/u - (-66)/(-9). Let k be 1/((1 + -2)/j). What is the highest common factor of 7 and k?
7
Let r(v) = v**3 + 5*v**2 + 1. Let q be r(-4). What is the highest common factor of 187 and q?
17
Suppose 3*b = 15, 3*b + 63 = -4*z + 238. Let d = 9 - -1. Calculate the greatest common divisor of z and d.
10
Let r be 3*3/(-9)*-13. Calculate the highest common factor of 52 and r.
13
Suppose -3*g - 2*g + 19 = 2*i, 0 = -2*i + g + 49. Suppose -3*b - 273 = -999. Calculate the highest common factor of b and i.
22
Suppose -7*k = 3*p - 2*k - 409, 0 = -3*p - 4*k + 413. What is the greatest common factor of p and 13?
13
Let k be (-12)/(-28) - (-124)/(-28). Let d(t) = -3*t - 8. Let h be d(k). Calculate the highest common divisor of 32 and h.
4
Let b = 175 + -145. Suppose -3*l - 2*n - n = -729, 0 = -3*n + 9. What is the highest common factor of b and l?
30
Suppose -j - 3 = -2*j. Let l(c) = -c - 3 + 4 + j. Let y be l(-7). Calculate the highest common factor of y and 22.
11
Suppose -6 = -f - 2*f. Suppose -x = -f*x - 1. Let y(d) = -3*d**3 + 2*d**2 + d. Let b be y(x). What is the highest common factor of 36 and b?
4
Suppose 12 = s + 2*s. Let t = 89 - s. What is the highest common factor of 34 and t?
17
Suppose y = -2*n + n + 11, -y = 4*n - 32. Suppose n = -2*w + 223. What is the highest common factor of 12 and w?
12
Let a(y) = -19*y - 8. Let k be a(-3). Calculate the highest common factor of k and 441.
49
Let v = 2 - 5. Let u = 2 - v. Calculate the highest common divisor of u and 2.
1
Let l(v) = 45*v**2 + v. Let i be l(1). Let y = 121 - i. What is the greatest common divisor of 25 and y?
25
Suppose -2*h = -134 - 246. Calculate the greatest common factor of 10 and h.
10
Let h(f) = -f**2 + 7*f - 6. Let m be h(4). Let c = 0 + m. Let x be (-216)/(-20)*(-3 - -8). Calculate the greatest common divisor of x and c.
6
Let q be 1*-4 + 2/((-4)/(-30)). Calculate the highest common factor of 33 and q.
11
Suppose -34 = -3*f - 3*h + 47, -f - 2*h + 24 = 0. What is the greatest common factor of f and 75?
15
Let i = 10 + -5. Let p = i + -3. Suppose 4 = k - 2*a + p, 5*a = -5*k + 55. What is the greatest common divisor of 32 and k?
8
Let j(d) = -985*d**2 - 2*d - 1. Let f be j(-1). Let x be 4/10 - f/40. What is the greatest common factor of x and 275?
25
Let x(w) = 2*w**3 + 2*w**2 - 3*w + 2. Let y be x(2). What is the greatest common factor of y and 8?
4
Let n be 90/4 - (-2)/(-4). Let a = n + -19. What is the highest common divisor of a and 15?
3
Suppose -4*s + 2*d = 2, -s + 4*d = 2*s + 9. Suppose -z - 19 = -4*f - 0*f, -5*f + 26 = z. What is the highest common divisor of s and f?
1
Let j be (3/6)/((-1)/14). Let r = -11 - j. Let q = 11 + r. Calculate the highest common divisor of 77 and q.
7
Let f(j) be the third derivative of 3*j**2 - 1/6*j**4 + 0 - 1/3*j**3 + 0*j. Let i be f(-3). Calculate the highest common factor of 70 and i.
10
Let v = 10 - -15. What is the greatest common divisor of v and 125?
25
Let f(j) = 19*j - 1. Let z be f(2). Suppose s = -s - n + z, -2*s - 2*n = -34. Calculate the highest common divisor of s and 5.
5
Suppose 5*z - 420 = -5*k + 2*z, k - z = 84. Calculate the highest common divisor of k and 56.
28
Let c = 2 + -5. Let i be 0 + (0 - -62) - c. Let l be (-2 - 108/(-2))/2. Calculate the highest common divisor of l and i.
13
Let m be -4*19/(-4)*2. Suppose 2*a - 36 = -3*r + r, m = r - 4*a. Suppose 4*o + 8 = -3*l - 6, 4*l - o = 13. What is the greatest common divisor of l and r?
2
Let j = 32 - 16. Suppose -4*r - p + 28 = -4*p, -j = -5*r - p. Suppose -b + 1 = 4*w - 0, 4*w = -r. Calculate the highest common divisor of 15 and b.
5
Suppose -3*s - 3 + 15 = 0. Suppose 82 - 2 = 4*g. Let o be ((-24)/30)/((-1)/g). What is the highest common factor of o and s?
4
Let w(h) = 2*h + 5. Let z be w(5). Let c(m) = m**3 + 7*m**2 + 5*m + 4. Let f be c(-6). Calculate the highest common factor of f and z.
5
Suppose 2*q + 9 = 275. Calculate the greatest common divisor of q and 19.
19
Let v(m) = -m - 7. Let p be v(-8). Let h = 0 + -1. Let l be p + h - -11 - -1. Calculate the greatest common divisor of l and 60.
12
Let z(o) = o**3 - 4*o**2 + 2*o. Let x be z(3). Let j = 4 - x. What is the highest common factor of j and 1?
1
Suppose -2291 = 4*b + 193. Let d be (-2)/8 + b/(-36). Calculate the greatest common divisor of d and 85.
17
Suppose 3*t - 6 = -4*u - 18, -9 = 2*t + 3*u. Suppose t = -5*r + 10 + 10. Suppose v - 140 = -r*v. Calculate the highest common divisor of 4 and v.
4
Let s be (0 + 2)*(-116)/8. Le